{"id":3704,"date":"2021-02-02T10:26:22","date_gmt":"2021-02-02T09:26:22","guid":{"rendered":"https:\/\/www.foietlumiere.ch\/wordpress\/?page_id=3704"},"modified":"2023-08-26T09:04:54","modified_gmt":"2023-08-26T08:04:54","slug":"bagnes-la-cordee-de-lesperance","status":"publish","type":"page","link":"https:\/\/www.foietlumiere.ch\/wordpress\/?page_id=3704","title":{"rendered":"Bagnes \u2013 La Cord\u00e9e de l\u2019Esp\u00e9rance"},"content":{"rendered":"\n<p><strong>Coordinateur :&nbsp;<\/strong>C\u00e9sar Filliez  \/  079&nbsp;274 03 28  \/ &nbsp;<a rel=\"noreferrer noopener\" href=\"mailto:cesar.filliez@netplus.ch\" target=\"_blank\">cesar.filliez@netplus.ch<\/a><\/p>\n\n\n\n<p><strong>Aum\u00f4nier<\/strong>&nbsp;: Chanoine &lt;Hugues de la Boussini\u00e8re    \/ 076 589 39 53  \/ huguesdela@gmail.com<\/p>\n\n\n\n<h2 class=\"wp-block-heading\">Remerciements \u00e0 Bernard et Beno\u00eet <\/h2>\n\n\n\n<figure class=\"wp-block-image size-large\"><a href=\"https:\/\/www.foietlumiere.ch\/wordpress\/wp-content\/uploads\/2021\/02\/bernard-1.jpg\"><img loading=\"lazy\" decoding=\"async\" width=\"1024\" height=\"683\" src=\"https:\/\/www.foietlumiere.ch\/wordpress\/wp-content\/uploads\/2021\/02\/bernard-1-1024x683.jpg\" alt=\"\" class=\"wp-image-3747\" srcset=\"https:\/\/www.foietlumiere.ch\/wordpress\/wp-content\/uploads\/2021\/02\/bernard-1-1024x683.jpg 1024w, https:\/\/www.foietlumiere.ch\/wordpress\/wp-content\/uploads\/2021\/02\/bernard-1-600x400.jpg 600w, https:\/\/www.foietlumiere.ch\/wordpress\/wp-content\/uploads\/2021\/02\/bernard-1-768x512.jpg 768w, https:\/\/www.foietlumiere.ch\/wordpress\/wp-content\/uploads\/2021\/02\/bernard-1-272x182.jpg 272w, https:\/\/www.foietlumiere.ch\/wordpress\/wp-content\/uploads\/2021\/02\/bernard-1.jpg 1267w\" sizes=\"auto, (max-width: 1024px) 100vw, 1024px\" \/><\/a><\/figure>\n\n\n\n<p>Cher Bernard, Cher Beno\u00eet,<\/p>\n\n\n\n<p>La Cord\u00e9e de L\u2019Esp\u00e9rance vous remercie chaleureusement pour votre pr\u00e9sence et votre soutien spirituel lors de nos rencontres dominicales en terre bagnarde. Vous avez c\u00e9l\u00e9br\u00e9 dans notre \u00e9glise &nbsp;du Ch\u00e2ble la messe et apport\u00e9 l\u2019Eucharistie \u00e0 chacun d\u2019entre nous en insufflant dans nos coeurs le message de l\u2019Evangile et la pr\u00e9sence de J\u00e9sus-Christ. Vous avez \u00e9t\u00e9 nos guides qui nous ont permis d\u2019avancer sur le chemin de l\u2019Esp\u00e9rance&nbsp;: vos paroles ont tiss\u00e9&nbsp; la corde qui unit notre communaut\u00e9 et elles renforcent encore plus nos liens en ces temps difficiles.<\/p>\n\n\n\n<p>Vous avez partag\u00e9 nos go\u00fbters, nos jeux, nos chants en toute&nbsp; simplicit\u00e9 et en toute convivialit\u00e9. Merci d\u2019avoir particip\u00e9 \u00e0 ces bons moments d\u2019amiti\u00e9. Bon vent \u00e0 vous dans la commune voisine d\u2019Orsi\u00e8res, dans l\u2019espoir que nous aurons l\u2019occasion de vous revoir lors de nos prochaines r\u00e9unions.<\/p>\n\n\n\n<figure class=\"wp-block-image size-large\"><a href=\"https:\/\/www.foietlumiere.ch\/wordpress\/wp-content\/uploads\/2021\/02\/benoit-1.jpg\"><img decoding=\"async\" src=\"https:\/\/www.foietlumiere.ch\/wordpress\/wp-content\/uploads\/2021\/02\/benoit-1-1024x683.jpg\" alt=\"\" class=\"wp-image-3748\"\/><\/a><\/figure>\n\n\n\n<p>&nbsp;&nbsp;&nbsp;&nbsp;&nbsp;&nbsp;&nbsp;&nbsp;&nbsp;&nbsp;&nbsp;&nbsp; &nbsp;&nbsp;&nbsp;&nbsp;&nbsp;&nbsp;&nbsp;&nbsp;&nbsp;&nbsp;&nbsp;&nbsp;&nbsp;&nbsp;&nbsp;&nbsp;&nbsp;&nbsp;&nbsp;&nbsp;&nbsp;&nbsp;&nbsp;&nbsp;&nbsp;&nbsp;&nbsp;&nbsp;&nbsp;&nbsp;&nbsp;&nbsp;&nbsp;&nbsp;&nbsp;&nbsp;&nbsp;&nbsp;&nbsp;&nbsp;&nbsp;&nbsp;&nbsp;&nbsp; La Cord\u00e9e de l\u2019Esp\u00e9rance<\/p>\n\n\n\n<figure class=\"wp-block-image\"><a href=\"https:\/\/www.foietlumiere.ch\/wordpress\/wp-content\/uploads\/2021\/01\/noel2020.jpg\"><img loading=\"lazy\" decoding=\"async\" width=\"619\" height=\"831\" src=\"https:\/\/www.foietlumiere.ch\/wordpress\/wp-content\/uploads\/2021\/01\/noel2020.jpg\" alt=\"\" class=\"wp-image-3055\" srcset=\"https:\/\/www.foietlumiere.ch\/wordpress\/wp-content\/uploads\/2021\/01\/noel2020.jpg 619w, https:\/\/www.foietlumiere.ch\/wordpress\/wp-content\/uploads\/2021\/01\/noel2020-447x600.jpg 447w\" sizes=\"auto, (max-width: 619px) 100vw, 619px\" \/><\/a><\/figure>\n\n\n<div class=\"wp-block-image\">\n<figure class=\"aligncenter\"><a href=\"http:\/\/www.foietlumiere.ch\/wordpress\/?attachment_id=577\"><img decoding=\"async\" src=\"http:\/\/www.foietlumiere.ch\/wordpress\/wp-content\/uploads\/2014\/05\/la-Cord-%C2%AEe-de-lEsp-%C2%AErance.jpg\" alt=\"la Cord+\u00aee de l'Esp+\u00aerance\" class=\"wp-image-577\"\/><\/a><\/figure>\n<\/div>\n\n\n<figure class=\"wp-block-image\"><img decoding=\"async\" src=\"http:\/\/foietlumiere.ch\/uploads\/images\/bas_valais\/bas_valais_015.jpg\" alt=\"\"\/><\/figure>\n","protected":false},"excerpt":{"rendered":"<p>Coordinateur :&nbsp;C\u00e9sar Filliez \/ 079&nbsp;274 03 28 \/ &nbsp;cesar.filliez@netplus.ch Aum\u00f4nier&nbsp;: Chanoine &lt;Hugues de la Boussini\u00e8re \/ 076 589 39 53 \/ huguesdela@gmail.com Remerciements \u00e0 Bernard et Beno\u00eet Cher Bernard, Cher Beno\u00eet, La Cord\u00e9e de L\u2019Esp\u00e9rance vous remercie chaleureusement pour votre pr\u00e9sence et votre soutien spirituel lors de nos rencontres dominicales en terre bagnarde. Vous avez c\u00e9l\u00e9br\u00e9 dans notre \u00e9glise &nbsp;du Ch\u00e2ble la messe et apport\u00e9 l\u2019Eucharistie \u00e0 chacun d\u2019entre nous en insufflant dans nos coeurs le message de l\u2019Evangile et la pr\u00e9sence de J\u00e9sus-Christ. Vous avez \u00e9t\u00e9 nos guides qui nous ont permis d\u2019avancer sur le chemin de l\u2019Esp\u00e9rance&nbsp;: vos paroles ont tiss\u00e9&nbsp; la corde qui unit notre communaut\u00e9 et elles renforcent encore plus nos liens en ces temps difficiles. Vous avez partag\u00e9 nos go\u00fbters, nos jeux, nos chants en toute&nbsp; simplicit\u00e9 et en toute convivialit\u00e9. Merci d\u2019avoir particip\u00e9 \u00e0 ces bons moments d\u2019amiti\u00e9. Bon vent \u00e0 vous dans la commune voisine d\u2019Orsi\u00e8res, dans <a class=\"more-link\" href=\"https:\/\/www.foietlumiere.ch\/wordpress\/?page_id=3704\">Continuer la lecture <span class=\"screen-reader-text\">  Bagnes \u2013 La Cord\u00e9e de l\u2019Esp\u00e9rance<\/span><span class=\"meta-nav\">&rarr;<\/span><\/a><\/p>\n","protected":false},"author":4,"featured_media":0,"parent":21,"menu_order":4,"comment_status":"closed","ping_status":"closed","template":"","meta":{"footnotes":""},"class_list":["post-3704","page","type-page","status-publish","hentry"],"_links":{"self":[{"href":"https:\/\/www.foietlumiere.ch\/wordpress\/index.php?rest_route=\/wp\/v2\/pages\/3704","targetHints":{"allow":["GET"]}}],"collection":[{"href":"https:\/\/www.foietlumiere.ch\/wordpress\/index.php?rest_route=\/wp\/v2\/pages"}],"about":[{"href":"https:\/\/www.foietlumiere.ch\/wordpress\/index.php?rest_route=\/wp\/v2\/types\/page"}],"author":[{"embeddable":true,"href":"https:\/\/www.foietlumiere.ch\/wordpress\/index.php?rest_route=\/wp\/v2\/users\/4"}],"replies":[{"embeddable":true,"href":"https:\/\/www.foietlumiere.ch\/wordpress\/index.php?rest_route=%2Fwp%2Fv2%2Fcomments&post=3704"}],"version-history":[{"count":12,"href":"https:\/\/www.foietlumiere.ch\/wordpress\/index.php?rest_route=\/wp\/v2\/pages\/3704\/revisions"}],"predecessor-version":[{"id":4132,"href":"https:\/\/www.foietlumiere.ch\/wordpress\/index.php?rest_route=\/wp\/v2\/pages\/3704\/revisions\/4132"}],"up":[{"embeddable":true,"href":"https:\/\/www.foietlumiere.ch\/wordpress\/index.php?rest_route=\/wp\/v2\/pages\/21"}],"wp:attachment":[{"href":"https:\/\/www.foietlumiere.ch\/wordpress\/index.php?rest_route=%2Fwp%2Fv2%2Fmedia&parent=3704"}],"curies":[{"name":"wp","href":"https:\/\/api.w.org\/{rel}","templated":true}]}}