{"id":3702,"date":"2021-02-02T10:20:27","date_gmt":"2021-02-02T09:20:27","guid":{"rendered":"https:\/\/www.foietlumiere.ch\/wordpress\/?page_id=3702"},"modified":"2023-08-26T09:04:37","modified_gmt":"2023-08-26T08:04:37","slug":"martigny-grain-de-ciel","status":"publish","type":"page","link":"https:\/\/www.foietlumiere.ch\/wordpress\/?page_id=3702","title":{"rendered":"Martigny \u2013 Saxon &#8211; Grain de Ciel"},"content":{"rendered":"\n<p><strong>Coordinatrice<\/strong>&nbsp;: Marie-Jeanne Ballestraz       027 722 28 32<\/p>\n\n\n\n<p><strong>Coordinateur&nbsp;<\/strong>: Paul Mayoraz&nbsp; \u2013&nbsp; 027 207 38 68&nbsp; \u2013&nbsp;&nbsp;<a href=\"https:\/\/www.foietlumiere.ch\/wordpress\/mayorazpaul@gmail.com\">mayorazpaul@gmail.com<\/a><\/p>\n\n\n\n<p><strong>Aum\u00f4nier<\/strong>&nbsp;: Chanoine Klaus Sarbach 027 722 22 82<\/p>\n\n\n\n<p>&nbsp;klaus.sarbach@gsbernard.ch<\/p>\n\n\n\n<figure class=\"wp-block-image size-large is-resized\"><a href=\"https:\/\/www.foietlumiere.ch\/wordpress\/wp-content\/uploads\/2021\/03\/mjballestraz.jpg\"><img loading=\"lazy\" decoding=\"async\" src=\"https:\/\/www.foietlumiere.ch\/wordpress\/wp-content\/uploads\/2021\/03\/mjballestraz.jpg\" alt=\"\" class=\"wp-image-3766\" width=\"397\" height=\"416\"\/><\/a><\/figure>\n\n\n\n<p>En 2010, la communaut\u00e9 a souffl\u00e9 ses 30 bougies, invitant toutes les autres communaut\u00e9s valaisannes. Les membres fondateurs \u00e9taient heureux d\u2019\u00eatre l\u00e0 !<\/p>\n\n\n\n<figure class=\"wp-block-image\"><img decoding=\"async\" src=\"http:\/\/foietlumiere.ch\/uploads\/images\/bas_valais\/bas_valais_005.jpg\" alt=\"\"\/><\/figure>\n\n\n\n<figure class=\"wp-block-image\"><img decoding=\"async\" src=\"http:\/\/foietlumiere.ch\/uploads\/images\/bas_valais\/bas_valais_019.JPG\" alt=\"\"\/><\/figure>\n\n\n\n<figure class=\"wp-block-image\"><img decoding=\"async\" src=\"http:\/\/foietlumiere.ch\/uploads\/images\/bas_valais\/bas_valais_012.jpg\" alt=\"\"\/><\/figure>\n\n\n\n<figure class=\"wp-block-image\"><img decoding=\"async\" src=\"http:\/\/foietlumiere.ch\/uploads\/images\/bas_valais\/bas_valais_013.jpg\" alt=\"\"\/><\/figure>\n\n\n\n<p class=\"has-text-align-center\">______________________________________<\/p>\n\n\n\n<figure class=\"wp-block-image\"><a href=\"https:\/\/www.foietlumiere.ch\/wordpress\/wp-content\/uploads\/2021\/01\/IMG_3025-1-scaled.jpg\"><img loading=\"lazy\" decoding=\"async\" width=\"1024\" height=\"768\" src=\"https:\/\/www.foietlumiere.ch\/wordpress\/wp-content\/uploads\/2021\/01\/IMG_3025-1-1024x768.jpg\" alt=\"\" class=\"wp-image-2998\" srcset=\"https:\/\/www.foietlumiere.ch\/wordpress\/wp-content\/uploads\/2021\/01\/IMG_3025-1-1024x768.jpg 1024w, https:\/\/www.foietlumiere.ch\/wordpress\/wp-content\/uploads\/2021\/01\/IMG_3025-1-600x450.jpg 600w, https:\/\/www.foietlumiere.ch\/wordpress\/wp-content\/uploads\/2021\/01\/IMG_3025-1-768x576.jpg 768w, https:\/\/www.foietlumiere.ch\/wordpress\/wp-content\/uploads\/2021\/01\/IMG_3025-1-1536x1152.jpg 1536w, https:\/\/www.foietlumiere.ch\/wordpress\/wp-content\/uploads\/2021\/01\/IMG_3025-1-2048x1536.jpg 2048w\" sizes=\"auto, (max-width: 1024px) 100vw, 1024px\" \/><\/a><\/figure>\n\n\n\n<p class=\"has-text-align-center\">29 avril 2012<\/p>\n","protected":false},"excerpt":{"rendered":"<p>Coordinatrice&nbsp;: Marie-Jeanne Ballestraz 027 722 28 32 Coordinateur&nbsp;: Paul Mayoraz&nbsp; \u2013&nbsp; 027 207 38 68&nbsp; \u2013&nbsp;&nbsp;mayorazpaul@gmail.com Aum\u00f4nier&nbsp;: Chanoine Klaus Sarbach 027 722 22 82 &nbsp;klaus.sarbach@gsbernard.ch En 2010, la communaut\u00e9 a souffl\u00e9 ses 30 bougies, invitant toutes les autres communaut\u00e9s valaisannes. Les membres fondateurs \u00e9taient heureux d\u2019\u00eatre l\u00e0 ! ______________________________________ 29 avril 2012<\/p>\n","protected":false},"author":4,"featured_media":0,"parent":21,"menu_order":3,"comment_status":"closed","ping_status":"closed","template":"","meta":{"footnotes":""},"class_list":["post-3702","page","type-page","status-publish","hentry"],"_links":{"self":[{"href":"https:\/\/www.foietlumiere.ch\/wordpress\/index.php?rest_route=\/wp\/v2\/pages\/3702","targetHints":{"allow":["GET"]}}],"collection":[{"href":"https:\/\/www.foietlumiere.ch\/wordpress\/index.php?rest_route=\/wp\/v2\/pages"}],"about":[{"href":"https:\/\/www.foietlumiere.ch\/wordpress\/index.php?rest_route=\/wp\/v2\/types\/page"}],"author":[{"embeddable":true,"href":"https:\/\/www.foietlumiere.ch\/wordpress\/index.php?rest_route=\/wp\/v2\/users\/4"}],"replies":[{"embeddable":true,"href":"https:\/\/www.foietlumiere.ch\/wordpress\/index.php?rest_route=%2Fwp%2Fv2%2Fcomments&post=3702"}],"version-history":[{"count":10,"href":"https:\/\/www.foietlumiere.ch\/wordpress\/index.php?rest_route=\/wp\/v2\/pages\/3702\/revisions"}],"predecessor-version":[{"id":4125,"href":"https:\/\/www.foietlumiere.ch\/wordpress\/index.php?rest_route=\/wp\/v2\/pages\/3702\/revisions\/4125"}],"up":[{"embeddable":true,"href":"https:\/\/www.foietlumiere.ch\/wordpress\/index.php?rest_route=\/wp\/v2\/pages\/21"}],"wp:attachment":[{"href":"https:\/\/www.foietlumiere.ch\/wordpress\/index.php?rest_route=%2Fwp%2Fv2%2Fmedia&parent=3702"}],"curies":[{"name":"wp","href":"https:\/\/api.w.org\/{rel}","templated":true}]}}