{"id":3684,"date":"2021-02-02T09:45:18","date_gmt":"2021-02-02T08:45:18","guid":{"rendered":"https:\/\/www.foietlumiere.ch\/wordpress\/?page_id=3684"},"modified":"2023-08-26T09:03:59","modified_gmt":"2023-08-26T08:03:59","slug":"la-colombe","status":"publish","type":"page","link":"https:\/\/www.foietlumiere.ch\/wordpress\/?page_id=3684","title":{"rendered":"\u00ab\u00a0La Colombe\u00a0\u00bb"},"content":{"rendered":"\n<p><strong>Gruy\u00e8re : Communaut\u00e9 de \u00ab\u00a0la Colombe\u00a0\u00bb<\/strong><\/p>\n\n\n\n<p><strong>Coordinatrice<\/strong> : Marie-Th\u00e9r\u00e8se Bovet<\/p>\n\n\n<div class=\"wp-block-image\">\n<figure class=\"aligncenter\"><a href=\"http:\/\/www.foietlumiere.ch\/wordpress\/?attachment_id=590\"><img loading=\"lazy\" decoding=\"async\" width=\"523\" height=\"600\" src=\"http:\/\/www.foietlumiere.ch\/wordpress\/wp-content\/uploads\/2014\/05\/Fribourg-la-Colombe-Marie-Th-\u00aer-\u00bfse-523x600.jpg\" alt=\"Fribourg la Colombe Marie-Th+\u00aer+\u00bfse\" class=\"wp-image-590\" srcset=\"https:\/\/www.foietlumiere.ch\/wordpress\/wp-content\/uploads\/2014\/05\/Fribourg-la-Colombe-Marie-Th-\u00aer-\u00bfse-523x600.jpg 523w, https:\/\/www.foietlumiere.ch\/wordpress\/wp-content\/uploads\/2014\/05\/Fribourg-la-Colombe-Marie-Th-\u00aer-\u00bfse-893x1024.jpg 893w, https:\/\/www.foietlumiere.ch\/wordpress\/wp-content\/uploads\/2014\/05\/Fribourg-la-Colombe-Marie-Th-\u00aer-\u00bfse.jpg 1340w\" sizes=\"auto, (max-width: 523px) 100vw, 523px\" \/><\/a><\/figure>\n<\/div>\n\n\n<p>mtbovet@icloud.com<\/p>\n\n\n\n<figure class=\"wp-block-image size-large\"><img loading=\"lazy\" decoding=\"async\" width=\"754\" height=\"1008\" src=\"https:\/\/www.foietlumiere.ch\/wordpress\/wp-content\/uploads\/2021\/02\/bschubiger.jpg\" alt=\"\" class=\"wp-image-3735\" srcset=\"https:\/\/www.foietlumiere.ch\/wordpress\/wp-content\/uploads\/2021\/02\/bschubiger.jpg 754w, https:\/\/www.foietlumiere.ch\/wordpress\/wp-content\/uploads\/2021\/02\/bschubiger-449x600.jpg 449w\" sizes=\"auto, (max-width: 754px) 100vw, 754px\" \/><\/figure>\n\n\n\n<p><strong>Aum\u00f4nier<\/strong> :   Abb\u00e9 Bernard Schubiger     <a rel=\"noreferrer noopener\" href=\"mailto:bschubiger@bluewin.ch\" target=\"_blank\">bschubiger@bluewin.ch<\/a>&nbsp;&nbsp;&nbsp; 079 599 63 29<\/p>\n\n\n<div class=\"wp-block-image\">\n<figure class=\"aligncenter\"><a href=\"http:\/\/www.foietlumiere.ch\/wordpress\/?attachment_id=594\"><img loading=\"lazy\" decoding=\"async\" width=\"448\" height=\"299\" src=\"http:\/\/www.foietlumiere.ch\/wordpress\/wp-content\/uploads\/2014\/05\/Fribourg-la-Colombe2.jpg\" alt=\"Fribourg la Colombe\" class=\"wp-image-594\" srcset=\"https:\/\/www.foietlumiere.ch\/wordpress\/wp-content\/uploads\/2014\/05\/Fribourg-la-Colombe2.jpg 448w, https:\/\/www.foietlumiere.ch\/wordpress\/wp-content\/uploads\/2014\/05\/Fribourg-la-Colombe2-272x182.jpg 272w\" sizes=\"auto, (max-width: 448px) 100vw, 448px\" \/><\/a><\/figure>\n<\/div>\n\n\n<figure class=\"wp-block-image\"><img decoding=\"async\" src=\"http:\/\/foietlumiere.ch\/uploads\/images\/fribourg\/fribourg_011.JPG\" alt=\"\"\/><\/figure>\n\n\n<div class=\"wp-block-image\">\n<figure class=\"aligncenter\"><a href=\"http:\/\/www.foietlumiere.ch\/wordpress\/?attachment_id=637\"><img loading=\"lazy\" decoding=\"async\" width=\"640\" height=\"480\" src=\"http:\/\/www.foietlumiere.ch\/wordpress\/wp-content\/uploads\/2015\/03\/avan-\u00baons-au-large-et-jetons-nos-filets....jpg\" alt=\"avan+\u00baons au large et jetons nos filets...\" class=\"wp-image-637\" srcset=\"https:\/\/www.foietlumiere.ch\/wordpress\/wp-content\/uploads\/2015\/03\/avan-\u00baons-au-large-et-jetons-nos-filets....jpg 640w, https:\/\/www.foietlumiere.ch\/wordpress\/wp-content\/uploads\/2015\/03\/avan-\u00baons-au-large-et-jetons-nos-filets...-600x450.jpg 600w\" sizes=\"auto, (max-width: 640px) 100vw, 640px\" \/><\/a><\/figure>\n<\/div>\n\n\n<p>Comme d&rsquo;autres communaut\u00e9, La \u00ab\u00a0Colombe\u00a0\u00bb peut se confier \u00e0 l&rsquo;amiti\u00e9 et la pri\u00e8re d&rsquo;une communaut\u00e9 religieuse. Chaque ann\u00e9e, ils se retouvent au Carmel tout proche. Messe conc\u00e9l\u00e9br\u00e9e avec l&rsquo;aum\u00f4nier de la communaut\u00e9 et l&rsquo;aum\u00f4nier national, qui est diacre.<\/p>\n\n\n\n<figure class=\"wp-block-image\"><img decoding=\"async\" src=\"http:\/\/foietlumiere.ch\/uploads\/images\/fribourg\/fribourg_025.JPG\" alt=\"\"\/><\/figure>\n\n\n\n<p>La f\u00eate de No\u00ebl est toujours un moment privil\u00e9gi\u00e9 dans l&rsquo;ann\u00e9e.<\/p>\n\n\n\n<figure class=\"wp-block-image\"><img decoding=\"async\" src=\"http:\/\/foietlumiere.ch\/uploads\/images\/fribourg\/fribourg_007.JPG\" alt=\"\"\/><\/figure>\n\n\n\n<figure class=\"wp-block-image\"><img decoding=\"async\" src=\"http:\/\/foietlumiere.ch\/uploads\/images\/fribourg\/fribourg_004.JPG\" alt=\"\"\/><\/figure>\n\n\n\n<figure class=\"wp-block-image\"><img decoding=\"async\" src=\"http:\/\/foietlumiere.ch\/uploads\/images\/fribourg\/fribourg_008.jpg\" alt=\"\"\/><\/figure>\n\n\n\n<p>Apr\u00e8s la c\u00e9l\u00e9bration de l&rsquo;eucharistie \u00e0 l&rsquo;\u00e9glise, il y a le repas dans une salle de paroisse et des jeux.<\/p>\n\n\n\n<p>Cette fois-ci, il s&rsquo;agissait de tricoter avec la laine des bergers.<\/p>\n\n\n\n<p>M\u00eame l&rsquo;aum\u00f4nier s&rsquo;y est mis !<\/p>\n","protected":false},"excerpt":{"rendered":"<p>Gruy\u00e8re : Communaut\u00e9 de \u00ab\u00a0la Colombe\u00a0\u00bb Coordinatrice : Marie-Th\u00e9r\u00e8se Bovet mtbovet@icloud.com Aum\u00f4nier : Abb\u00e9 Bernard Schubiger bschubiger@bluewin.ch&nbsp;&nbsp;&nbsp; 079 599 63 29 Comme d&rsquo;autres communaut\u00e9, La \u00ab\u00a0Colombe\u00a0\u00bb peut se confier \u00e0 l&rsquo;amiti\u00e9 et la pri\u00e8re d&rsquo;une communaut\u00e9 religieuse. Chaque ann\u00e9e, ils se retouvent au Carmel tout proche. Messe conc\u00e9l\u00e9br\u00e9e avec l&rsquo;aum\u00f4nier de la communaut\u00e9 et l&rsquo;aum\u00f4nier national, qui est diacre. La f\u00eate de No\u00ebl est toujours un moment privil\u00e9gi\u00e9 dans l&rsquo;ann\u00e9e. Apr\u00e8s la c\u00e9l\u00e9bration de l&rsquo;eucharistie \u00e0 l&rsquo;\u00e9glise, il y a le repas dans une salle de paroisse et des jeux. Cette fois-ci, il s&rsquo;agissait de tricoter avec la laine des bergers. M\u00eame l&rsquo;aum\u00f4nier s&rsquo;y est mis !<\/p>\n","protected":false},"author":4,"featured_media":0,"parent":19,"menu_order":3,"comment_status":"closed","ping_status":"closed","template":"","meta":{"footnotes":""},"class_list":["post-3684","page","type-page","status-publish","hentry"],"_links":{"self":[{"href":"https:\/\/www.foietlumiere.ch\/wordpress\/index.php?rest_route=\/wp\/v2\/pages\/3684","targetHints":{"allow":["GET"]}}],"collection":[{"href":"https:\/\/www.foietlumiere.ch\/wordpress\/index.php?rest_route=\/wp\/v2\/pages"}],"about":[{"href":"https:\/\/www.foietlumiere.ch\/wordpress\/index.php?rest_route=\/wp\/v2\/types\/page"}],"author":[{"embeddable":true,"href":"https:\/\/www.foietlumiere.ch\/wordpress\/index.php?rest_route=\/wp\/v2\/users\/4"}],"replies":[{"embeddable":true,"href":"https:\/\/www.foietlumiere.ch\/wordpress\/index.php?rest_route=%2Fwp%2Fv2%2Fcomments&post=3684"}],"version-history":[{"count":4,"href":"https:\/\/www.foietlumiere.ch\/wordpress\/index.php?rest_route=\/wp\/v2\/pages\/3684\/revisions"}],"predecessor-version":[{"id":4105,"href":"https:\/\/www.foietlumiere.ch\/wordpress\/index.php?rest_route=\/wp\/v2\/pages\/3684\/revisions\/4105"}],"up":[{"embeddable":true,"href":"https:\/\/www.foietlumiere.ch\/wordpress\/index.php?rest_route=\/wp\/v2\/pages\/19"}],"wp:attachment":[{"href":"https:\/\/www.foietlumiere.ch\/wordpress\/index.php?rest_route=%2Fwp%2Fv2%2Fmedia&parent=3684"}],"curies":[{"name":"wp","href":"https:\/\/api.w.org\/{rel}","templated":true}]}}